 divisor of 28 and 23536.
4
Calculate the greatest common factor of 2378432 and 784.
112
What is the greatest common factor of 21263180 and 1260?
20
What is the greatest common factor of 14535 and 262599?
969
What is the greatest common divisor of 96210 and 20970?
90
Calculate the highest common divisor of 4511 and 3910576878.
4511
What is the highest common divisor of 50959 and 123313?
389
Calculate the highest common factor of 327224 and 32560.
8
Calculate the highest common factor of 4370194 and 2.
2
Calculate the highest common divisor of 136 and 590112840.
136
What is the greatest common factor of 22832 and 83696?
16
What is the greatest common divisor of 9444 and 43296?
12
What is the highest common divisor of 40002768 and 54?
54
Calculate the greatest common factor of 8475 and 200775.
75
What is the highest common factor of 19664494 and 69?
23
What is the greatest common divisor of 316237 and 925327?
79
Calculate the greatest common divisor of 1209857 and 297.
11
What is the greatest common factor of 393351 and 1239?
21
Calculate the highest common factor of 563015 and 4.
1
Calculate the highest common divisor of 1087400 and 1600.
200
Calculate the greatest common divisor of 3211 and 8399469.
169
What is the greatest common divisor of 278 and 100452242?
278
Calculate the highest common divisor of 509134 and 89938.
386
What is the highest common factor of 22145 and 1100040?
515
Calculate the highest common divisor of 115 and 113642379.
23
Calculate the highest common factor of 525 and 295715.
35
What is the highest common factor of 4655 and 26186845?
95
What is the highest common factor of 1212131 and 1665971?
1891
What is the greatest common divisor of 41747 and 108564?
109
Calculate the greatest common divisor of 6783 and 357200.
19
What is the highest common divisor of 27691853 and 14?
7
What is the highest common divisor of 972 and 695502?
18
What is the greatest common divisor of 1323943 and 235?
47
What is the highest common factor of 140390 and 22935?
695
What is the greatest common factor of 128045535 and 27096?
3387
Calculate the highest common divisor of 1832 and 97521482.
458
What is the highest common divisor of 339830 and 34306?
34
What is the highest common divisor of 263 and 36265?
1
What is the greatest common factor of 409307500 and 95?
95
What is the greatest common divisor of 2062 and 25699?
1
What is the highest common divisor of 12 and 35539188?
12
Calculate the highest common factor of 515043123 and 21.
21
What is the highest common divisor of 244732 and 19435454?
2074
What is the greatest common factor of 4618 and 786431546?
4618
Calculate the highest common factor of 52 and 706930172.
52
What is the greatest common divisor of 177 and 330260996?
59
What is the greatest common factor of 355326 and 636?
6
What is the greatest common divisor of 1725850 and 164150?
350
What is the highest common divisor of 98737770 and 10?
10
What is the greatest common divisor of 15443141 and 7?
7
What is the greatest common factor of 41 and 29157724?
41
Calculate the highest common factor of 88160957 and 35608.
4451
What is the highest common factor of 63646291 and 73?
73
What is the highest common divisor of 120286388 and 732?
244
Calculate the greatest common factor of 14015379 and 28.
7
What is the greatest common factor of 3400670 and 11655?
1295
Calculate the greatest common factor of 30862481 and 466.
233
Calculate the greatest common factor of 1510322 and 4950.
22
What is the greatest common factor of 513196 and 1037?
17
What is the greatest common factor of 39 and 22215323?
13
What is the greatest common factor of 162506604 and 87?
87
What is the highest common factor of 9686841 and 470?
47
Calculate the highest common divisor of 9742 and 17366.
2
What is the greatest common factor of 158285567 and 87?
29
What is the greatest common divisor of 2071594 and 28616?
1022
Calculate the greatest common divisor of 49 and 32861.
1
What is the highest common divisor of 539 and 150745958?
11
Calculate the highest common factor of 331059 and 124068.
633
What is the highest common factor of 1818 and 4468442?
202
What is the greatest common factor of 31457335 and 26?
13
What is the highest common divisor of 18391583 and 13083?
623
Calculate the greatest common factor of 2116 and 239499.
23
Calculate the highest common factor of 5306017 and 422.
211
What is the greatest common factor of 411682867 and 1607?
1607
Calculate the highest common factor of 624473 and 211071.
437
Calculate the highest common divisor of 23715 and 352470.
465
Calculate the highest common divisor of 14 and 29337154.
14
What is the greatest common divisor of 12095 and 27894905?
295
What is the greatest common divisor of 206596 and 1365?
13
What is the greatest common divisor of 599 and 288730579?
599
Calculate the greatest common factor of 2905701276 and 12.
12
What is the highest common divisor of 39915 and 1191?
3
Calculate the highest common factor of 94084 and 31519.
43
What is the highest common divisor of 2466609 and 1677?
129
Calculate the greatest common factor of 890 and 841237790.
890
Calculate the highest common factor of 323002 and 3712.
58
Calculate the highest common factor of 716758 and 18.
2
Calculate the highest common factor of 445 and 1816490.
445
What is the highest common factor of 1042 and 941918?
2
What is the highest common factor of 2180601 and 234?
9
What is the greatest common divisor of 10194315 and 9735?
885
What is the greatest common factor of 7 and 44641212?
7
What is the greatest common divisor of 21939568 and 532?
28
What is the highest common factor of 133026 and 4206?
6
What is the greatest common divisor of 168 and 8769537?
21
Calculate the highest common divisor of 118625 and 1688375.
1625
What is the highest common divisor of 54942148 and 1977?
659
What is the highest common divisor of 515635 and 656135?
1405
What is the highest common divisor of 18839451 and 37060?
1853
What is the greatest common divisor of 822647276 and 11?
11
Calculate the highest common divisor of 152 and 5058560.
152
What is the greatest common divisor of 470515 and 25159?
139
Calculate the highest common factor of 771902 and 1394.
34
What is the greatest common divisor of 306000 and 54900?
900
What is the greatest common factor of 56122884 and 9?
9
What is the greatest common divisor of 246 and 1530382851?
123
What is the highest common divisor of 663099 and 2814?
201
Calculate the highest common divisor of 1097601 and 202545.
1929
Calculate the greatest common factor of 31262 and 53643436.
1078
What is the highest common factor of 198167215 and 85?
85
Calculate the highest common factor of 4537 and 1572528737.
4537
Calculate the highest common factor of 1455084 and 550476.
324
What is the highest common divisor of 16665 and 2711951?
1111
What is the highest common factor of 822906714 and 666?
222
Calculate the greatest common divisor of 314541619 and 724.
181
Calculate the greatest common factor of 633546 and 147864.
366
Calculate the greatest common factor of 24414 and 2184.
78
What is the highest common factor of 33056721 and 3672?
459
What is the greatest common divisor of 58847360 and 715?
715
What is the highest common divisor of 1581063 and 77?
11
What is the greatest common divisor of 348 and 174524871?
87
What is the greatest common factor of 9493120 and 520?
520
What is the highest common factor of 364166 and 83182?
22
What is the highest common factor of 939853314 and 54?
54
Calculate the highest common divisor of 30 and 376488096.
6
What is the highest common divisor of 47084 and 4290332?
316
Calculate the highest common factor of 1652 and 3478699.
413
What is the highest common divisor of 38584 and 182320?
424
Calculate the highest common divisor of 10472668 and 124.
124
Calculate the greatest common divisor of 462821 and 2299.
19
Calculate the highest common divisor of 209053200 and 76120.
6920
Calculate the highest common factor of 145734411 and 2502.
417
What is the greatest common divisor of 5778187 and 29340?
163
Calculate the highest common factor of 6993 and 10054380.
777
What is the greatest common divisor of 113789301 and 174?
87
What is the greatest common divisor of 177255 and 107666?
1313
What is the greatest common factor of 